{"id":66,"date":"2022-01-17T12:25:52","date_gmt":"2022-01-17T11:25:52","guid":{"rendered":"https:\/\/www.prin-visionicriminali.unina.it\/?page_id=66"},"modified":"2022-02-07T09:53:53","modified_gmt":"2022-02-07T08:53:53","slug":"link","status":"publish","type":"page","link":"https:\/\/www.prin-visionicriminali.unina.it\/index.php\/link\/","title":{"rendered":"Link"},"content":{"rendered":"\n<p><a rel=\"noreferrer noopener\" href=\"http:\/\/www.unina.it\" data-type=\"URL\" data-id=\"www.unina.it\" target=\"_blank\">Universit\u00e0 degli Studi di Napoli Federico II<\/a><\/p>\n\n\n\n<p><a href=\"https:\/\/www.unisa.it\/\" data-type=\"URL\" data-id=\"https:\/\/www.unisa.it\/\" target=\"_blank\" rel=\"noreferrer noopener\">Universit\u00e0 degli Studi di Salerno<\/a><\/p>\n\n\n\n<p><a href=\"https:\/\/www.uniba.it\/\/\" data-type=\"URL\" data-id=\"https:\/\/www.uniba.it\/\/\" target=\"_blank\" rel=\"noreferrer noopener\">Universit\u00e0 degli Studi di Bari<\/a><\/p>\n\n\n\n<p><a href=\"https:\/\/www.unisalento.it\/\" data-type=\"URL\" data-id=\"https:\/\/www.unisalento.it\/\" target=\"_blank\" rel=\"noreferrer noopener\">Universit\u00e0 del Salento<\/a><\/p>\n\n\n\n<p><a rel=\"noreferrer noopener\" href=\"http:\/\/www.ivra-rivista.it\" data-type=\"URL\" data-id=\"www.ivra-rivista.it\" target=\"_blank\">Ivra &#8211; Rivista internazionale di diritto romano e antico<\/a><\/p>\n\n\n\n<p><a rel=\"noreferrer noopener\" href=\"http:\/\/www.index.unina.it\/rivista.php\" data-type=\"URL\" data-id=\"http:\/\/www.index.unina.it\/rivista.php\" target=\"_blank\">Index. International Survey of Roman Law. Quaderni camerti di studi romanistici<\/a><\/p>\n\n\n\n<p><a href=\"https:\/\/www.quadernilupiensi.com\/\" data-type=\"URL\" data-id=\"https:\/\/www.quadernilupiensi.com\/\" target=\"_blank\" rel=\"noreferrer noopener\">Quaderni Lupiensi di Storia e Diritto<\/a><\/p>\n\n\n\n<p><a href=\"http:\/\/www.rivistagiuridica.unisa.it\" data-type=\"URL\" data-id=\"www.rivistagiuridica.unisa.it\" target=\"_blank\" rel=\"noreferrer noopener\">Iura and Legal Systems<\/a><\/p>\n\n\n\n<p><a rel=\"noreferrer noopener\" href=\"http:\/\/www.consorzioboulvert.unina.it\/\" data-type=\"URL\" data-id=\"http:\/\/www.consorzioboulvert.unina.it\/\" target=\"_blank\">Consorzio Interuniversitario G. Boulvert per lo studio della civilt\u00e0 giuridica europea e per la storia dei suoi ordinamenti<\/a><\/p>\n\n\n\n<p><a href=\"http:\/\/www.centroarangio-ruiz.unina.it\/\" data-type=\"URL\" data-id=\"http:\/\/www.centroarangio-ruiz.unina.it\/\" target=\"_blank\" rel=\"noreferrer noopener\">Centro Interdipartimentale &#8220;Vincenzo Arangio-Ruiz&#8221; di studi storici e giuridici sul mondo antico<\/a><\/p>\n","protected":false},"excerpt":{"rendered":"<p>Universit\u00e0 degli Studi di Napoli Federico II Universit\u00e0 degli Studi di Salerno Universit\u00e0 degli Studi di Bari Universit\u00e0 del Salento Ivra &#8211; Rivista internazionale di diritto romano e antico Index. International Survey of Roman Law. Quaderni camerti di studi romanistici Quaderni Lupiensi di Storia e Diritto Iura and Legal Systems Consorzio Interuniversitario G. Boulvert per [&hellip;]<\/p>\n","protected":false},"author":1,"featured_media":211,"parent":0,"menu_order":0,"comment_status":"closed","ping_status":"closed","template":"","meta":{"footnotes":""},"class_list":["post-66","page","type-page","status-publish","has-post-thumbnail","hentry"],"_links":{"self":[{"href":"https:\/\/www.prin-visionicriminali.unina.it\/index.php\/wp-json\/wp\/v2\/pages\/66","targetHints":{"allow":["GET"]}}],"collection":[{"href":"https:\/\/www.prin-visionicriminali.unina.it\/index.php\/wp-json\/wp\/v2\/pages"}],"about":[{"href":"https:\/\/www.prin-visionicriminali.unina.it\/index.php\/wp-json\/wp\/v2\/types\/page"}],"author":[{"embeddable":true,"href":"https:\/\/www.prin-visionicriminali.unina.it\/index.php\/wp-json\/wp\/v2\/users\/1"}],"replies":[{"embeddable":true,"href":"https:\/\/www.prin-visionicriminali.unina.it\/index.php\/wp-json\/wp\/v2\/comments?post=66"}],"version-history":[{"count":11,"href":"https:\/\/www.prin-visionicriminali.unina.it\/index.php\/wp-json\/wp\/v2\/pages\/66\/revisions"}],"predecessor-version":[{"id":562,"href":"https:\/\/www.prin-visionicriminali.unina.it\/index.php\/wp-json\/wp\/v2\/pages\/66\/revisions\/562"}],"wp:featuredmedia":[{"embeddable":true,"href":"https:\/\/www.prin-visionicriminali.unina.it\/index.php\/wp-json\/wp\/v2\/media\/211"}],"wp:attachment":[{"href":"https:\/\/www.prin-visionicriminali.unina.it\/index.php\/wp-json\/wp\/v2\/media?parent=66"}],"curies":[{"name":"wp","href":"https:\/\/api.w.org\/{rel}","templated":true}]}}